lse
Suppose -61*m + 54*m = -133. Is m a multiple of 2?
False
Suppose -14*q - 3*y = -10*q - 11680, 5840 = 2*q - 5*y. Is q a multiple of 15?
False
Suppose 5*o = -4*h + 12 - 3, 4*o + 5*h = 0. Suppose 340 = -a + o*a. Suppose 43 = 2*x + l - 4*l, -5*x + a = -3*l. Does 7 divide x?
True
Suppose -3*c - 5*m - 21 = -117, 3*c - 96 = -4*m. Let i = 25 + c. Does 32 divide i?
False
Suppose 5*i - 6*i + 96 = 0. Let r = 193 - i. Is 20 a factor of r?
False
Let c = 121 + -32. Is 5 a factor of c?
False
Suppose 5*r + 4*g + 0*g = 53, 10 = 5*g. Is 7 a factor of 3/r + (-166)/(-6)?
True
Suppose -t + 5*l + 122 = -36, 4*t = 5*l + 587. Is t a multiple of 11?
True
Let r = -286 + 526. Is 24 a factor of r?
True
Let g be ((-14)/4 + 3)*0. Suppose g = y + 4*o + o + 15, 5*o = 2*y + 60. Let d = y + 37. Is 4 a factor of d?
True
Suppose -3*b - 10 = -m, 2*b + 0 = -4*m - 2. Let i(p) = 41*p**2 + 3*p - 2. Is 10 a factor of i(m)?
False
Suppose 20*r = 14*r + 22596. Is 24 a factor of r?
False
Let z be 4 - (-52 + (0 - -4)). Let l = z + -22. Is 10 a factor of l?
True
Let c = -5 - -8. Suppose -c*q - 20 = -8*q. Suppose q*k - 165 = -k. Does 11 divide k?
True
Suppose 0*l + 3*l + t - 2 = 0, 4*l - 4*t = -8. Suppose 2*n - 6*n = l. Suppose -5*g + 11 + 59 = n. Does 7 divide g?
True
Suppose -4*o = -3*k + 499 + 1932, -4*k = o - 3273. Is 7 a factor of k?
False
Suppose -3*j + 4*u + 20 = 67, -59 = 5*j + 3*u. Let v(b) = b**2 + 12*b + 6. Is v(j) a multiple of 19?
True
Let l(i) = -6 - 6 - 4*i - 76*i**2 + 78*i**2. Does 13 divide l(-6)?
False
Let h = -3 + 4. Let f = -1 + h. Suppose 3*v - v - 52 = f. Is 13 a factor of v?
True
Suppose -3*q + 645 - 123 = 0. Is (6/4)/(3 - q/60) a multiple of 7?
False
Let l(t) = -t**2 + 16*t - 26. Let q be l(20). Let k = -93 - q. Does 2 divide k?
False
Suppose 5*z + 0*z = -4*a + 34, -5*z - a + 31 = 0. Let l be (-5 + z)/(1/(-18)). Let w = 8 - l. Is w a multiple of 13?
True
Let q(r) = -37 + 0*r + 216 - 4*r + 40. Is 37 a factor of q(0)?
False
Let v(w) = -w**3 + 10*w**2 - 8*w - 2. Suppose -5*d - 5*i + 3*i + 19 = 0, 5*d = -5*i + 25. Suppose -d*l - 60 = -5*u, -31 = -4*u - 0*u - l. Is 7 a factor of v(u)?
True
Let i(s) = s**2 - 2*s - 4. Let x(w) = w**3 + 4*w**2 - 2*w + 3. Let c be x(-3). Suppose 0 = 5*u + c + 2. Is i(u) a multiple of 5?
True
Suppose -111 - 1149 = -4*x. Is x a multiple of 21?
True
Let v(i) = 2*i**3 + 6*i**2 - 5*i + 5. Suppose 12 - 44 = -8*p. Does 19 divide v(p)?
True
Let k(w) = 16*w**2 - 74*w - 12. Is 15 a factor of k(7)?
False
Let w(i) = 3*i - 4. Let v be w(16). Suppose -b = 3*b + v. Let u = b + 17. Does 6 divide u?
True
Is (4 - (35 - 1))/((-2)/36) a multiple of 30?
True
Suppose 6 = -3*z + 69. Let k = z - -31. Is k a multiple of 14?
False
Suppose 12 = z - x - 16, 0 = 2*z - 4*x - 58. Suppose f - 3 = 4*f, -2*y - 5*f + z = 0. Is 11 a factor of y?
False
Suppose -4*c - 313 = 83. Let f = c + 168. Suppose r + 3*j + 0*j = f, 4*r - 296 = -2*j. Does 15 divide r?
True
Let l(r) = r**2 + 2*r - 4. Let w be l(-4). Suppose 4*h + 33 = 4*m + 205, -3*h + w*m = -131. Is 22 a factor of h?
False
Let i(q) = 6*q - 5. Let j be i(6). Is 21 a factor of 2*(20/8 + -2 + j)?
True
Let q be (0 - -3)/1*-1 - -53. Suppose -q - 14 = -v. Does 8 divide v?
True
Suppose 3*u - 4*u = -17. Suppose 3*x - x = -5*o, u = 5*x + 4*o. Is x a multiple of 5?
True
Let h(s) = -s**3 - 2*s**2 + 1. Let p be h(-1). Suppose p = 2*k + 4*k - 360. Is 10 a factor of k?
True
Is 726/(13 + -5 + -7) a multiple of 6?
True
Suppose 15*v - 19*v = -4. Is 15 a factor of 72/v - (19 - 22)?
True
Suppose -3*b = -34 - 116. Is b a multiple of 22?
False
Suppose 2*a = g + 34, 2*a + g = -2*g + 26. Suppose 0 = 3*j + a - 283. Is j a multiple of 13?
False
Let i(j) be the first derivative of 3*j**2/2 + 14*j + 22. Does 23 divide i(14)?
False
Let v(k) be the third derivative of 0 + 1/120*k**6 + 7/3*k**3 - 2/3*k**4 - 3/20*k**5 + 0*k - 2*k**2. Does 16 divide v(11)?
True
Let c(p) = -p**3 + 5*p**2 + 2. Let m be c(5). Let g be 11/3 - (-4)/12. Suppose -24 = -m*n + g. Is 3 a factor of n?
False
Suppose 67*f - 13665 - 13537 = 0. Is 7 a factor of f?
True
Let x(f) = 19*f - 3. Let p be 0 - (3 - 3 - 6). Let k be x(p). Let h = -51 + k. Is h a multiple of 19?
False
Let b(q) = -2*q**3 + q**2 + 3*q - 3. Let z(y) = 2*y**3 - y**2 - 3*y + 4. Let u(h) = 6*b(h) + 5*z(h). Let i = -4 + 2. Is u(i) a multiple of 8?
True
Let i(r) = -25*r - 25. Is i(-5) a multiple of 5?
True
Let u be (((-6)/4)/1)/((-11)/(-22)). Let p(y) = -y**3 + 3*y**2 + 2*y + 2. Is p(u) a multiple of 10?
True
Let z = -56 + 71. Is ((-48)/(-40))/(6/z) a multiple of 3?
True
Suppose -6183 = 1505*u - 1514*u. Does 8 divide u?
False
Suppose 10*r - 4788 = -9*r. Does 37 divide r?
False
Let r(z) = -195*z**3 + 2*z + 3. Does 98 divide r(-1)?
True
Let h(x) = x**3 - x**2 + x - 4. Let z be h(2). Is 26 a factor of (-114)/(4/(-16) - 1/z)?
False
Suppose 3*a + 5*q + 14 = 0, 3*a + 5*q = -2*a - 40. Let v = a + 23. Does 2 divide v?
True
Let i(g) = 11*g**2 - 6*g + 7. Suppose 2*v = 4*r + 3*v - 13, -r - 3*v + 6 = 0. Is i(r) a multiple of 11?
True
Suppose -1207 = -3*v - v + 5*q, -4*v + q = -1211. Is 34 a factor of v?
False
Suppose -c - 2*i = c - 600, -4*c = i - 1203. Suppose 4*v - 95 = c. Is v a multiple of 9?
True
Suppose 4*k = -5*w + 11, k + 0*k + 7 = 2*w. Let h = k + 244. Is h a multiple of 27?
True
Suppose -5*k + 110 = s + 28, k + 307 = 4*s. Let a(l) = -17*l + 8. Let c be a(-6). Let x = c - s. Is x a multiple of 14?
False
Suppose 5*g - 165 = -b, -2*b + 369 = 40*g - 43*g. Does 45 divide b?
True
Let u = -30 - -37. Is (15/6)/((u/2)/7) even?
False
Suppose -f = -4*f + 15. Let g(r) = -2*r + 28. Let w be g(13). Suppose 2*c + w*c - 27 = f*n, -41 = -2*c - 3*n. Is c a multiple of 9?
False
Suppose -2*b = s - 210, 3*b + 0*b = -2*s + 313. Does 6 divide b?
False
Suppose 2*l - 1 = 4*y + 25, l + 5*y + 15 = 0. Suppose -5 = -l*z + 15. Suppose -z*j + 62 = -30. Is j a multiple of 23?
True
Let g(h) = 6*h**2 - 11*h - 30. Suppose 0 = 3*v - 44 + 59. Does 25 divide g(v)?
True
Let m(r) be the third derivative of -r**4/4 - 7*r**3/3 + 9*r**2. Does 3 divide m(-6)?
False
Let i be 54/9*2/3. Suppose 3 = -3*s + i*m + 1, -3*m = -s - 9. Does 3 divide s?
True
Let j = -146 - -212. Is 6 a factor of j?
True
Suppose n = -4*n - y - 90, -2*n + 2*y = 24. Let w = n - -29. Is 12 a factor of w?
True
Suppose 17 = 3*o - 2*r, 4 = -r - 0. Suppose 0 = -s - o*b - 65, 6*s - s - 5*b = -305. Let t = -14 - s. Does 13 divide t?
False
Suppose 8*k + 238 = 846. Is k a multiple of 19?
True
Let m be 4/6*1 + (-56)/(-24). Is ((-14)/m)/((-3)/108) a multiple of 24?
True
Let m = 764 - -117. Suppose 348 = 2*g - 6*q + 2*q, 0 = -5*g - q + m. Does 13 divide g?
False
Does 6 divide (-6 + (-7175)/(-10))*(-14)/(-7)?
False
Let u(z) = 3*z - 1. Let g be u(2). Suppose 3*w + 4*i - 125 = 68, 3*w - g*i - 184 = 0. Is w a multiple of 34?
False
Let h(z) = 5*z - 3. Let m be h(-3). Let s = -18 - m. Suppose 3*q + 72 = 5*b, s = 4*b - 6*q + q - 68. Is 4 a factor of b?
True
Let b(u) = -u**3 + 18*u**2 - 31*u + 14. Let j be ((-32)/20)/(2/(-20)). Does 3 divide b(j)?
True
Let x be 1*3/(-6)*-36. Suppose -l + x = -4*l. Does 22 divide 66*(-3 + (-22)/l)?
True
Let i(r) = r**2 - 15*r + 9. Let l be i(14). Let f(w) = -4*w**2 + 5*w. Let y(t) = -4*t**2 + 4*t. Let z(p) = l*y(p) + 4*f(p). Is z(-2) a multiple of 3?
False
Let r = 649 + -992. Let b = -77 - r. Suppose -n + 74 = -2*f - 2*f, b = 4*n - f. Does 21 divide n?
False
Suppose -20*r + 15*r + 560 = 0. Suppose 0 = 6*u + 4 - r. Is 6 a factor of u?
True
Let l(n) = 25*n**2 - 33*n + 60. Is l(12) a multiple of 12?
True
Suppose 3*s + 260 = -s. Let u = -34 - s. Does 21 divide u?
False
Suppose c = -m + 11, -6*m + m + 5*c = -95. Does 6 divide m?
False
Let f be (-1012)/(-33) - 1*(-1)/3. Suppose f = 2*t - 49. Is 39 a factor of t?
False
Let q(d) = 4*d + 11. Let w be q(0). Suppose w*j = 19*j - 2040. Is 17 a factor of j?
True
Let z(n) = -n. Let c(p) = -13*p + 1. Let b(i) = -c(i) - 5*z(i). Is b(3) a multiple of 21?
False
Let c(w) = -w**2 + 6*w + 5. Let a be c(6). Let f = a + 16. Is f a multiple of 11?
False
Suppose 0 = -139*i + 128*i + 4433. Does 31 divide i?
True
Suppose -4*x + 2*x - 18 = 2*w, -4*x - 3*w = 32. Is 44 a factor of (1335/x)/(3/(-2))?
False
Let o = -713 + 421. Let x = o + 517. Does 8 divide x?
False
Let s = 91 + 71. Suppose 4*f - s = -58. Is 15 a factor of f?
False
Let q(t) = -11*t**2 - t. L